{"id":342,"date":"2025-10-20T03:20:07","date_gmt":"2025-10-20T03:20:07","guid":{"rendered":"https:\/\/karyverse.com\/?page_id=342"},"modified":"2025-10-20T03:21:14","modified_gmt":"2025-10-20T03:21:14","slug":"elementor-342","status":"publish","type":"page","link":"https:\/\/karyverse.com\/index.php\/elementor-342\/","title":{"rendered":"CARACTERISTICAS"},"content":{"rendered":"\t\t<div data-elementor-type=\"wp-page\" data-elementor-id=\"342\" class=\"elementor elementor-342\">\n\t\t\t\t<div class=\"elementor-element elementor-element-195255c e-flex e-con-boxed wpr-particle-no wpr-jarallax-no wpr-parallax-no wpr-sticky-section-no e-con e-parent\" data-id=\"195255c\" data-element_type=\"container\">\n\t\t\t\t\t<div class=\"e-con-inner\">\n\t\t\t\t<div class=\"elementor-element elementor-element-4858500 jltma-glass-effect-no elementor-widget elementor-widget-heading\" data-id=\"4858500\" data-element_type=\"widget\" data-widget_type=\"heading.default\">\n\t\t\t\t<div class=\"elementor-widget-container\">\n\t\t\t\t\t<h2 class=\"elementor-heading-title elementor-size-default\">CARACTER\u00cdSTICAS:<\/h2>\t\t\t\t<\/div>\n\t\t\t\t<\/div>\n\t\t\t\t<div class=\"elementor-element elementor-element-2c4efe6 jltma-glass-effect-no elementor-widget elementor-widget-text-editor\" data-id=\"2c4efe6\" data-element_type=\"widget\" data-widget_type=\"text-editor.default\">\n\t\t\t\t<div class=\"elementor-widget-container\">\n\t\t\t\t\t\t\t\t\t<p>\u2022 Plazo: 24, 36 y 48 meses.<\/p><p>\u2022 Rentas: Fijas.<\/p><p>\u2022 Deposito en Garant\u00eda: S\u00f3lo una renta.<\/p><p>\u2022 Importes en: Moneda nacional.<\/p><p>\u2022 Seguro de auto: Incluido en la parcialidad.<\/p><p>\u2022 Kil\u00f3metros por a\u00f1o: 25,000<\/p><p>\u2022 Edad m\u00ednima 18 a\u00f1os; edad m\u00e1xima 70 a\u00f1os 11 meses.\u00bb<\/p>\t\t\t\t\t\t\t\t<\/div>\n\t\t\t\t<\/div>\n\t\t\t\t\t<\/div>\n\t\t\t\t<\/div>\n\t\t\t\t<\/div>\n\t\t","protected":false},"excerpt":{"rendered":"<p>CARACTER\u00cdSTICAS: \u2022 Plazo: 24, 36 y 48 meses. \u2022 Rentas: Fijas. \u2022 Deposito en Garant\u00eda: S\u00f3lo una renta. \u2022 Importes en: Moneda nacional. \u2022 Seguro de auto: Incluido en la parcialidad. \u2022 Kil\u00f3metros por a\u00f1o: 25,000 \u2022 Edad m\u00ednima 18 a\u00f1os; edad m\u00e1xima 70 a\u00f1os 11 meses.\u00bb<\/p>\n","protected":false},"author":1,"featured_media":0,"parent":0,"menu_order":0,"comment_status":"closed","ping_status":"closed","template":"","meta":{"footnotes":""},"class_list":["post-342","page","type-page","status-publish","hentry"],"_links":{"self":[{"href":"https:\/\/karyverse.com\/index.php\/wp-json\/wp\/v2\/pages\/342","targetHints":{"allow":["GET"]}}],"collection":[{"href":"https:\/\/karyverse.com\/index.php\/wp-json\/wp\/v2\/pages"}],"about":[{"href":"https:\/\/karyverse.com\/index.php\/wp-json\/wp\/v2\/types\/page"}],"author":[{"embeddable":true,"href":"https:\/\/karyverse.com\/index.php\/wp-json\/wp\/v2\/users\/1"}],"replies":[{"embeddable":true,"href":"https:\/\/karyverse.com\/index.php\/wp-json\/wp\/v2\/comments?post=342"}],"version-history":[{"count":5,"href":"https:\/\/karyverse.com\/index.php\/wp-json\/wp\/v2\/pages\/342\/revisions"}],"predecessor-version":[{"id":347,"href":"https:\/\/karyverse.com\/index.php\/wp-json\/wp\/v2\/pages\/342\/revisions\/347"}],"wp:attachment":[{"href":"https:\/\/karyverse.com\/index.php\/wp-json\/wp\/v2\/media?parent=342"}],"curies":[{"name":"wp","href":"https:\/\/api.w.org\/{rel}","templated":true}]}}